 317 a multiple of 29?
False
Is 324 a multiple of 59?
False
Is 11 a factor of 45?
False
Does 18 divide 256?
False
Does 7 divide 21134?
False
Is 2979 a multiple of 9?
True
Is 8 a factor of 208?
True
Is 6512 a multiple of 74?
True
Does 7 divide 1596?
True
Does 15 divide 1365?
True
Does 10 divide 130?
True
Does 8 divide 287?
False
Is 17 a factor of 5712?
True
Is 50 a factor of 74250?
True
Is 6 a factor of 462?
True
Does 214 divide 5136?
True
Is 268 a multiple of 16?
False
Is 59 a factor of 82977?
False
Does 13 divide 707?
False
Is 36328 a multiple of 19?
True
Is 4 a factor of 344?
True
Is 885 a multiple of 50?
False
Is 975 a multiple of 53?
False
Is 184 a factor of 70944?
False
Is 31 a factor of 1116?
True
Is 45 a multiple of 3?
True
Is 21 a factor of 4008?
False
Is 3906 a multiple of 42?
True
Does 9 divide 90?
True
Is 15 a factor of 4875?
True
Is 41970 a multiple of 10?
True
Does 23 divide 572?
False
Is 204 a multiple of 3?
True
Is 138 even?
True
Is 26 a factor of 601?
False
Is 45 a factor of 12645?
True
Does 73 divide 2401?
False
Is 40 a factor of 2680?
True
Does 42 divide 95985?
False
Is 342 a multiple of 4?
False
Is 1786 a multiple of 47?
True
Does 21 divide 945?
True
Is 5 a factor of 13873?
False
Is 2328 a multiple of 97?
True
Does 56 divide 1120?
True
Does 74 divide 5402?
True
Does 22 divide 608?
False
Does 5 divide 535?
True
Is 28459 a multiple of 119?
False
Is 8142 a multiple of 59?
True
Is 5 a factor of 72?
False
Is 61 a factor of 1159?
True
Is 45 a factor of 13673?
False
Does 69 divide 670?
False
Does 13 divide 355?
False
Is 74321 a multiple of 13?
True
Does 13 divide 2808?
True
Is 112 a factor of 8400?
True
Is 3 a factor of 263?
False
Is 74 a factor of 4159?
False
Is 23 a factor of 3427?
True
Is 2544 a multiple of 106?
True
Is 60 a factor of 48840?
True
Is 1457 a multiple of 12?
False
Is 37 a factor of 1152?
False
Does 4 divide 7512?
True
Is 127 a factor of 3810?
True
Is 510 a multiple of 14?
False
Is 1872 a multiple of 24?
True
Does 64 divide 6848?
True
Does 16 divide 6619?
False
Does 88 divide 1846?
False
Does 13 divide 24791?
True
Does 14 divide 2638?
False
Does 26 divide 11423?
False
Does 38 divide 1520?
True
Is 455 a multiple of 14?
False
Is 112 a factor of 12208?
True
Is 9 a factor of 5607?
True
Is 6540 a multiple of 105?
False
Is 545 a multiple of 4?
False
Does 16 divide 21456?
True
Is 128 a multiple of 4?
True
Is 6 a factor of 80857?
False
Is 1581 a multiple of 4?
False
Is 24 a factor of 10056?
True
Is 8 a factor of 2601?
False
Is 2376 a multiple of 22?
True
Is 2010 a multiple of 65?
False
Does 68 divide 9996?
True
Does 12 divide 71?
False
Is 8487 a multiple of 123?
True
Does 7 divide 11190?
False
Is 17 a factor of 765?
True
Does 15 divide 875?
False
Is 38301 a multiple of 17?
True
Does 27 divide 886?
False
Is 21 a factor of 289?
False
Does 194 divide 40363?
False
Is 70 a factor of 12110?
True
Is 5152 a multiple of 56?
True
Is 16 a factor of 410?
False
Is 5 a factor of 4540?
True
Is 11 a factor of 9152?
True
Does 10 divide 306?
False
Does 18 divide 6815?
False
Is 16 a factor of 115872?
True
Is 16 a factor of 66800?
True
Is 928 a multiple of 12?
False
Is 1368 a multiple of 114?
True
Is 3 a factor of 9882?
True
Is 9423 a multiple of 31?
False
Is 1403 a multiple of 13?
False
Is 16500 a multiple of 74?
False
Does 47 divide 3525?
True
Is 704 a multiple of 26?
False
Does 11 divide 66?
True
Is 14161 a multiple of 49?
True
Does 51 divide 7274?
False
Is 34778 a multiple of 13?
False
Is 87 a factor of 870?
True
Does 11 divide 44?
True
Is 47 a factor of 9024?
True
Is 2272 a multiple of 32?
True
Is 37 a factor of 1813?
True
Does 10 divide 6240?
True
Is 10485 a multiple of 12?
False
Is 13001 a multiple of 22?
False
Is 27 a factor of 810?
True
Is 26 a factor of 208?
True
Is 6033 a multiple of 3?
True
Does 37 divide 1036?
True
Is 138 a multiple of 15?
False
Is 8712 a multiple of 22?
True
Is 62 a factor of 52514?
True
Does 16 divide 3248?
True
Is 36740 a multiple of 22?
True
Is 3178 a multiple of 14?
True
Is 56 a factor of 952?
True
Does 219 divide 106397?
False
Does 20 divide 11813?
False
Is 9 a factor of 11096?
False
Is 87 a factor of 28635?
False
Is 994 a multiple of 10?
False
Is 31 a factor of 27497?
True
Is 14435 a multiple of 8?
False
Is 43 a factor of 12298?
True
Is 115 a multiple of 5?
True
Is 240 a factor of 6480?
True
Is 13 a factor of 19?
False
Is 86 a factor of 344?
True
Is 24397 a multiple of 44?
False
Is 9979 a multiple of 256?
False
Is 29 a factor of 870?
True
Is 20 a factor of 2666?
False
Is 3456 a multiple of 16?
True
Is 12 a factor of 45760?
False
Is 729 a multiple of 68?
False
Does 130 divide 2224?
False
Is 14 a factor of 6664?
True
Does 140 divide 420?
True
Does 80 divide 12880?
True
Is 1044 a multiple of 29?
True
Is 13 a factor of 169?
True
Does 13 divide 793?
True
Is 104 a factor of 50440?
True
Is 1950 a multiple of 16?
False
Does 36 divide 3240?
True
Does 86 divide 649?
False
Is 1686 a multiple of 6?
True
Does 4 divide 4704?
True
Does 8 divide 5483?
False
Does 18 divide 6942?
False
Is 10 a factor of 765?
False
Is 49610 a multiple of 10?
True
Is 30 a factor of 793?
False
Is 8595 a multiple of 86?
False
Is 30 a factor of 431?
False
Is 24 a factor of 11999?
False
Is 10 a factor of 223?
False
Is 18 a factor of 2880?
True
Does 29 divide 1243?
False
Is 419 even?
False
Does 19 divide 39079?
False
Is 840 a multiple of 10?
True
Does 25 divide 4525?
True
Is 28 a factor of 391?
False
Does 3 divide 300?
True
Is 283 a factor of 45177?
False
Is 112143 a multiple of 284?
False
Is 5229 a multiple of 3?
True
Is 2071 a multiple of 53?
False
Does 6 divide 390?
True
Is 7405 a multiple of 148?
False
Does 22 divide 9196?
True
Is 7430 a multiple of 2?
True
Is 16 a factor of 5344?
True
Is 176 a multiple of 2?
True
Does 120 divide 2640?
True
Is 42 a factor of 6980?
False
Is 25193 a multiple of 127?
False
Does 11 divide 5042?
False
Is 2160 a multiple of 18?
True
Is 137 a factor of 7535?
True
Is 162 a factor of 14873?
False
Is 66 a factor of 553?
False
Is 3275 a multiple of 10?
False
Does 18 divide 17905?
False
Is 7474 a multiple of 23?
False
Is 10 a factor of 16580?
True
Does 28 divide 8400?
True
Is 10694 a multiple of 30?
False
Does 58 divide 116?
True
Is 9922 a multiple of 37?
False
Is 28 a factor of 1708?
True
Does 14 divide 79904?
False
Is 17 a factor of 10093?
False
Does 45 divide 3690?
True
Is 1683 a multiple of 17?
True
Does 3 divide 7667?
False
Does 6 divide 1757?
False
Is 1380 a multiple of 138?
True
Is 9389 a multiple of 41?
True
Is 185 a multiple of 5?
True
Is 561 a multiple of 33?
True
Is 1833 a multiple of 8?
False
Is 230 a factor of 4140?
True
Does 19 divide 11828?
False
Is 116 a factor of 18212?
True
Is 52 a multiple of 2?
True
Is 6 a factor of 330?
True
Is 3468 a multiple of 2?
True
Is 23540 a multiple of 11?
True
Is 104480 a multiple of 43?
False
Does 40 divide 920?
True
Is 3379 a multiple of 8?
False
Is 6240 a multiple of 60?
True
Is 2701 a multiple of 63?
False
Does 121 divide 1089?
True
Does 22 divide 116?
False
Is 990 a multiple of 55?
True
Is 9 a factor of 690?
False
Does 61 divide 10561?
False
Does 22 divide 901?
False
Is 297 a factor of 52866?
True
Is 44 a factor of 5350?
False
Is 1575 a multiple of 18?
False
Does 2 divide 385?
False
Is 873 a multiple of 3?
True
Does 5 divide 44660?
True
Does 10 divide 15259?
False
Is 30 a multiple of 10?
True
Does 29 divide 1792?
False
Is 1740 a multiple of 6?
True
Is 21 a factor of 5017?
False
Is 10 a factor of 35687?
False
Is 88 a factor of 19712?
True
Does 17 divide 30611?
False
Is 612 a multiple of 17?
True
Is 13649 a multiple of 156?
False
Does 9 divide 6298?
False
Is 1062 a multiple of 12?
False
Is 3460 a multiple of 173?
True
Does 22 divide 150620?
False
Is 51 a factor of 1905?
False
Is 8 a factor of 117?
False
Is 7 a factor of 168?
True
Is 7 a factor of 6442?
False
Is 8500 a multiple of 17?
True
Is 3225 a multiple of 3?
True
Does 25 divide 2450?
True
Is 3496 a multiple of 184?
True
Is 44 a factor of 4752?
True
Is 30 a factor of 21690?
True
Does 38 divide 57150?
False
Is 11172 a multiple of 147?
True
Does 8 divide 120?
True
Is 87 a factor of 90045?
True
Does 28 divide 14139?
False
Is 26 a factor of 2523?
False
Is 15 a factor of 1725?
True
Does 15 divide 953?
False
Is 225 even?